2702 is divided by 46.
34
What is the remainder when 774 is divided by 766?
8
What is the remainder when 135 is divided by 10?
5
What is the remainder when 4250 is divided by 4243?
7
Calculate the remainder when 6068 is divided by 243.
236
Calculate the remainder when 120 is divided by 32.
24
Calculate the remainder when 439 is divided by 226.
213
What is the remainder when 71 is divided by 8?
7
What is the remainder when 8032 is divided by 68?
8
Calculate the remainder when 813 is divided by 17.
14
Calculate the remainder when 1940 is divided by 5.
0
Calculate the remainder when 1019 is divided by 30.
29
What is the remainder when 21 is divided by 16?
5
What is the remainder when 377 is divided by 95?
92
What is the remainder when 979 is divided by 171?
124
Calculate the remainder when 2 is divided by 1.
0
What is the remainder when 118 is divided by 18?
10
Calculate the remainder when 226 is divided by 54.
10
What is the remainder when 630 is divided by 208?
6
What is the remainder when 91 is divided by 49?
42
What is the remainder when 1389 is divided by 19?
2
What is the remainder when 117 is divided by 15?
12
Calculate the remainder when 577 is divided by 145.
142
What is the remainder when 340 is divided by 37?
7
What is the remainder when 173 is divided by 27?
11
Calculate the remainder when 376 is divided by 107.
55
Calculate the remainder when 626 is divided by 70.
66
What is the remainder when 111 is divided by 29?
24
What is the remainder when 77 is divided by 18?
5
What is the remainder when 1801 is divided by 86?
81
Calculate the remainder when 1047 is divided by 70.
67
Calculate the remainder when 380 is divided by 368.
12
Calculate the remainder when 44 is divided by 15.
14
What is the remainder when 5013 is divided by 38?
35
Calculate the remainder when 562 is divided by 195.
172
What is the remainder when 24 is divided by 17?
7
What is the remainder when 614 is divided by 41?
40
What is the remainder when 480 is divided by 94?
10
Calculate the remainder when 670 is divided by 24.
22
What is the remainder when 1950 is divided by 32?
30
Calculate the remainder when 376 is divided by 316.
60
Calculate the remainder when 127 is divided by 20.
7
Calculate the remainder when 1545 is divided by 259.
250
What is the remainder when 362 is divided by 39?
11
What is the remainder when 93 is divided by 25?
18
Calculate the remainder when 967 is divided by 6.
1
What is the remainder when 643 is divided by 38?
35
Calculate the remainder when 1068 is divided by 49.
39
Calculate the remainder when 786 is divided by 153.
21
Calculate the remainder when 43 is divided by 22.
21
What is the remainder when 2222 is divided by 117?
116
What is the remainder when 1931 is divided by 167?
94
Calculate the remainder when 811 is divided by 48.
43
Calculate the remainder when 2494 is divided by 13.
11
What is the remainder when 825 is divided by 59?
58
Calculate the remainder when 1397 is divided by 140.
137
What is the remainder when 1669 is divided by 238?
3
Calculate the remainder when 398 is divided by 100.
98
What is the remainder when 551 is divided by 46?
45
Calculate the remainder when 189 is divided by 24.
21
What is the remainder when 467 is divided by 44?
27
Calculate the remainder when 3512 is divided by 1753.
6
What is the remainder when 85 is divided by 41?
3
Calculate the remainder when 377 is divided by 96.
89
What is the remainder when 2578 is divided by 15?
13
Calculate the remainder when 268 is divided by 30.
28
What is the remainder when 715 is divided by 173?
23
Calculate the remainder when 534 is divided by 207.
120
Calculate the remainder when 383 is divided by 134.
115
What is the remainder when 347 is divided by 35?
32
What is the remainder when 1601 is divided by 14?
5
Calculate the remainder when 149 is divided by 14.
9
Calculate the remainder when 3918 is divided by 7.
5
What is the remainder when 148 is divided by 11?
5
Calculate the remainder when 209 is divided by 42.
41
Calculate the remainder when 385 is divided by 6.
1
What is the remainder when 135 is divided by 38?
21
Calculate the remainder when 64 is divided by 47.
17
What is the remainder when 917 is divided by 38?
5
What is the remainder when 118 is divided by 31?
25
Calculate the remainder when 85 is divided by 49.
36
Calculate the remainder when 1962 is divided by 16.
10
Calculate the remainder when 1033 is divided by 117.
97
Calculate the remainder when 378 is divided by 3.
0
What is the remainder when 10149 is divided by 94?
91
What is the remainder when 33 is divided by 18?
15
What is the remainder when 33 is divided by 12?
9
Calculate the remainder when 379 is divided by 216.
163
Calculate the remainder when 348 is divided by 9.
6
Calculate the remainder when 271 is divided by 75.
46
Calculate the remainder when 169 is divided by 34.
33
What is the remainder when 2960 is divided by 15?
5
Calculate the remainder when 42 is divided by 9.
6
What is the remainder when 470 is divided by 148?
26
What is the remainder when 1621 is divided by 534?
19
What is the remainder when 1449 is divided by 28?
21
What is the remainder when 288 is divided by 52?
28
What is the remainder when 316 is divided by 64?
60
Calculate the remainder when 1581 is divided by 478.
147
What is the remainder when 3428 is divided by 49?
47
What is the remainder when 53 is divided by 23?
7
Calculate the remainder when 4918 is divided by 24.
22
What is the remainder when 149 is divided by 30?
29
What is the remainder when 730 is divided by 122?
120
What is the remainder when 442 is divided by 76?
62
What is the remainder when 161 is divided by 11?
7
Calculate the remainder when 389 is divided by 10.
9
Calculate the remainder when 952 is divided by 32.
24
What is the remainder when 1582 is divided by 16?
14
What is the remainder when 269 is divided by 42?
17
What is the remainder when 111 is divided by 2?
1
What is the remainder when 233 is divided by 15?
8
Calculate the remainder when 254 is divided by 126.
2
What is the remainder when 225 is divided by 11?
5
What is the remainder when 5038 is divided by 25?
13
Calculate the remainder when 169 is divided by 68.
33
Calculate the remainder when 1448 is divided by 69.
68
Calculate the remainder when 1520 is divided by 752.
16
Calculate the remainder when 23 is divided by 17.
6
Calculate the remainder when 1748 is divided by 210.
68
What is the remainder when 179 is divided by 54?
17
Calculate the remainder when 260 is divided by 9.
8
What is the remainder when 107 is divided by 17?
5
What is the remainder when 180 is divided by 96?
84
Calculate the remainder when 327 is divided by 28.
19
What is the remainder when 28 is divided by 25?
3
Calculate the remainder when 316 is divided by 5.
1
Calculate the remainder when 780 is divided by 16.
12
What is the remainder when 7639 is divided by 2546?
1
What is the remainder when 24589 is divided by 116?
113
What is the remainder when 41 is divided by 37?
4
What is the remainder when 31665 is divided by 87?
84
Calculate the remainder when 159 is divided by 82.
77
Calculate the remainder when 261 is divided by 38.
33
What is the remainder when 241 is divided by 119?
3
Calculate the remainder when 153 is divided by 56.
41
What is the remainder when 147 is divided by 13?
4
What is the remainder when 19762 is divided by 244?
242
Calculate the remainder when 827 is divided by 204.
11
What is the remainder when 33 is divided by 11?
0
What is the remainder when 366 is divided by 15?
6
Calculate the remainder when 524 is divided by 25.
24
What is the remainder when 104 is divided by 99?
5
What is the remainder when 266 is divided by 90?
86
Calculate the remainder when 1069 is divided by 17.
15
Calculate the remainder when 96 is divided by 41.
14
What is the remainder when 38 is divided by 20?
18
Calculate the remainder when 667 is divided by 12.
7
What is the remainder when 42 is divided by 22?
20
What is the remainder when 227 is divided by 76?
75
What is the remainder when 846 is divided by 46?
18
Calculate the remainder when 165 is divided by 62.
41
Calculate the remainder when 1103 is divided by 277.
272
What is the remainder when 593 is divided by 22?
21
What is the remainder when 48 is divided by 14?
6
Calc